{"id":11967,"date":"2020-10-15T14:09:20","date_gmt":"2020-10-15T17:09:20","guid":{"rendered":"https:\/\/www.buenosairesfreewalks.com\/spanish\/?page_id=11967"},"modified":"2020-10-22T17:49:09","modified_gmt":"2020-10-22T20:49:09","slug":"gracias-guerreros","status":"publish","type":"page","link":"https:\/\/www.buenosairesfreewalks.com\/spanish\/gracias-guerreros\/","title":{"rendered":"Muchas Gracias por Inscribirte: Guerreros de la Patria"},"content":{"rendered":"<div id=\"pl-11967\"  class=\"panel-layout\" ><div class=\"smartlib-blck-area\"><div class=\"container\"><div id=\"pg-11967-0\"  class=\"panel-grid panel-has-style\" ><div class=\"smartlib-widgets-panel-row panel-row-style panel-row-style-for-11967-0\" ><div id=\"pgc-11967-0-0\"  class=\"panel-grid-cell\" ><div id=\"panel-11967-0-0-0\" class=\"so-panel widget widget_sow-editor panel-first-child panel-last-child\" data-index=\"0\" ><div\n\t\t\t\n\t\t\tclass=\"so-widget-sow-editor so-widget-sow-editor-base\"\n\t\t\t\n\t\t>\n<div class=\"siteorigin-widget-tinymce textwidget\">\n\t<h3 style=\"text-align: center;\">Muchas Gracias por Inscribirte al Recorrido Virtual<\/h3>\n<p style=\"text-align: center;\">Te enviamos un e-mail de confirmaci\u00f3n con el link a Zoom. Verific\u00e1 tu casilla de correo, incluido el spam.<\/p>\n<h4 style=\"text-align: center;\"><strong>\u00bfYA TE INSCRIBISTE A ESTOS RECORRIDOS?<\/strong><\/h4>\n<p>&nbsp;<\/p>\n<h4 style=\"text-align: center;\"><\/h4>\n<\/div>\n<\/div><\/div><\/div><\/div><\/div><\/div><\/div><div class=\"smartlib-blck-area\"><div class=\"container\"><div id=\"pg-11967-1\"  class=\"panel-grid panel-has-style\" ><div class=\"smartlib-widgets-panel-row panel-row-style panel-row-style-for-11967-1\" ><div id=\"pgc-11967-1-0\"  class=\"panel-grid-cell panel-grid-cell-empty\" ><\/div><div id=\"pgc-11967-1-1\"  class=\"panel-grid-cell panel-grid-cell-mobile-last\" ><div id=\"panel-11967-1-1-0\" class=\"so-panel widget widget_sow-image panel-first-child\" data-index=\"1\" ><div\n\t\t\t\n\t\t\tclass=\"so-widget-sow-image so-widget-sow-image-default-8b5b6f678277-11967\"\n\t\t\t\n\t\t>\n<div class=\"sow-image-container\">\n\t\t<img \n\tsrc=\"https:\/\/i0.wp.com\/www.buenosairesfreewalks.com\/spanish\/wp-content\/uploads\/2020\/10\/palermo.jpg?fit=600%2C400&amp;ssl=1\" width=\"600\" height=\"400\" srcset=\"https:\/\/i0.wp.com\/www.buenosairesfreewalks.com\/spanish\/wp-content\/uploads\/2020\/10\/palermo.jpg?w=600&amp;ssl=1 600w, https:\/\/i0.wp.com\/www.buenosairesfreewalks.com\/spanish\/wp-content\/uploads\/2020\/10\/palermo.jpg?resize=300%2C200&amp;ssl=1 300w, https:\/\/i0.wp.com\/www.buenosairesfreewalks.com\/spanish\/wp-content\/uploads\/2020\/10\/palermo.jpg?resize=272%2C182&amp;ssl=1 272w\" alt=\"\" \t\tclass=\"so-widget-image\"\/>\n\t<\/div>\n\n<\/div><\/div><div id=\"panel-11967-1-1-1\" class=\"so-panel widget widget_sow-editor\" data-index=\"2\" ><div\n\t\t\t\n\t\t\tclass=\"so-widget-sow-editor so-widget-sow-editor-base\"\n\t\t\t\n\t\t>\n<div class=\"siteorigin-widget-tinymce textwidget\">\n\t<p><i class=\"fa fa-calendar\" style=\"font-size: 20px; color: #ea5d1d;\"><\/i> <strong>S\u00e1bado 24 de Octubre 19hs.<\/strong><br \/>\n<i class=\"fa fa-refresh\" style=\"font-size: 20px; color: #ea5d1d;\"><\/i> <strong>Duraci\u00f3n:<\/strong> 1:30 horas<br \/>\n<i class=\"fa fa-file-movie-o\" style=\"font-size: 20px; color: #ea5d1d;\"><\/i> Por <strong>Zoom<\/strong><br \/>\n<i class=\"fa fa-photo\" style=\"font-size: 20px; color: #ea5d1d;\"><\/i> <strong>Temario<\/strong>:\u00a0<strong>El Rosedal<\/strong>, Jard\u00edn Japon\u00e9s, Monumento de los Espa\u00f1oles,<strong> El Planetario<\/strong>, Parque 3 de Febrero, Monumento a Sarmiento, <strong>Monumento a Urquiza<\/strong>, Eco Parque, Jard\u00edn Bot\u00e1nico<\/p>\n<\/div>\n<\/div><\/div><div id=\"panel-11967-1-1-2\" class=\"so-panel widget widget_sow-button panel-last-child\" data-index=\"3\" ><div\n\t\t\t\n\t\t\tclass=\"so-widget-sow-button so-widget-sow-button-atom-1038cf0caefd-11967\"\n\t\t\t\n\t\t><div class=\"ow-button-base ow-button-align-center\"\n>\n\t\t\t<a\n\t\t\t\t\thref=\"https:\/\/www.buenosairesfreewalks.com\/spanish\/?page_id=12013\"\n\t\t\t\t\tclass=\"sowb-button ow-icon-placement-left ow-button-hover\" \t>\n\t\t<span>\n\t\t\t\n\t\t\t\u00a1INSCRIBITE AHORA!\t\t<\/span>\n\t\t\t<\/a>\n\t<\/div>\n<\/div><\/div><\/div><div id=\"pgc-11967-1-2\"  class=\"panel-grid-cell panel-grid-cell-empty\" ><\/div><\/div><\/div><\/div><\/div><div class=\"smartlib-blck-area\"><div class=\"container\"><div id=\"pg-11967-2\"  class=\"panel-grid panel-has-style\" ><div class=\"smartlib-widgets-panel-row panel-row-style panel-row-style-for-11967-2\" ><div id=\"pgc-11967-2-0\"  class=\"panel-grid-cell panel-grid-cell-empty\" ><\/div><div id=\"pgc-11967-2-1\"  class=\"panel-grid-cell panel-grid-cell-empty panel-grid-cell-mobile-last\" ><\/div><div id=\"pgc-11967-2-2\"  class=\"panel-grid-cell panel-grid-cell-empty\" ><\/div><\/div><\/div><\/div><\/div><\/div>","protected":false},"excerpt":{"rendered":"<p>Muchas Gracias por Inscribirte al Recorrido Virtual Te enviamos un e-mail de confirmaci\u00f3n con el link a Zoom. Verific\u00e1 tu casilla de correo, incluido el spam. \u00bfYA TE INSCRIBISTE A ESTOS RECORRIDOS? &nbsp; S\u00e1bado 24 de Octubre 19hs. Duraci\u00f3n: 1:30 horas Por Zoom Temario:\u00a0El Rosedal, Jard\u00edn Japon\u00e9s, Monumento de los Espa\u00f1oles, El Planetario, Parque 3 [&hellip;]<\/p>\n","protected":false},"author":1,"featured_media":0,"parent":0,"menu_order":0,"comment_status":"closed","ping_status":"closed","template":"page-blocks.php","meta":{"footnotes":""},"class_list":["post-11967","page","type-page","status-publish","hentry"],"yoast_head":"<!-- This site is optimized with the Yoast SEO plugin v27.3 - https:\/\/yoast.com\/product\/yoast-seo-wordpress\/ -->\n<title>Muchas Gracias por Inscribirte: Guerreros de la Patria | Recorrido Virtual<\/title>\n<meta name=\"description\" content=\"Muchas Gracias por Inscribirte al recorrido virtual de Guerrero de la Patria. Te esperamos para disfrutar Buenos Aires.\" \/>\n<meta name=\"robots\" content=\"index, follow, max-snippet:-1, max-image-preview:large, max-video-preview:-1\" \/>\n<link rel=\"canonical\" href=\"https:\/\/www.buenosairesfreewalks.com\/spanish\/gracias-guerreros\/\" \/>\n<meta property=\"og:locale\" content=\"es_ES\" \/>\n<meta property=\"og:type\" content=\"article\" \/>\n<meta property=\"og:title\" content=\"Muchas Gracias por Inscribirte: Guerreros de la Patria | Recorrido Virtual\" \/>\n<meta property=\"og:description\" content=\"Muchas Gracias por Inscribirte al recorrido virtual de Guerrero de la Patria. Te esperamos para disfrutar Buenos Aires.\" \/>\n<meta property=\"og:url\" content=\"https:\/\/www.buenosairesfreewalks.com\/spanish\/gracias-guerreros\/\" \/>\n<meta property=\"og:site_name\" content=\"Buenos Aires Free Walks\" \/>\n<meta property=\"article:modified_time\" content=\"2020-10-22T20:49:09+00:00\" \/>\n<meta name=\"twitter:card\" content=\"summary_large_image\" \/>\n<!-- \/ Yoast SEO plugin. -->","yoast_head_json":{"title":"Muchas Gracias por Inscribirte: Guerreros de la Patria | Recorrido Virtual","description":"Muchas Gracias por Inscribirte al recorrido virtual de Guerrero de la Patria. Te esperamos para disfrutar Buenos Aires.","robots":{"index":"index","follow":"follow","max-snippet":"max-snippet:-1","max-image-preview":"max-image-preview:large","max-video-preview":"max-video-preview:-1"},"canonical":"https:\/\/www.buenosairesfreewalks.com\/spanish\/gracias-guerreros\/","og_locale":"es_ES","og_type":"article","og_title":"Muchas Gracias por Inscribirte: Guerreros de la Patria | Recorrido Virtual","og_description":"Muchas Gracias por Inscribirte al recorrido virtual de Guerrero de la Patria. Te esperamos para disfrutar Buenos Aires.","og_url":"https:\/\/www.buenosairesfreewalks.com\/spanish\/gracias-guerreros\/","og_site_name":"Buenos Aires Free Walks","article_modified_time":"2020-10-22T20:49:09+00:00","twitter_card":"summary_large_image","schema":{"@context":"https:\/\/schema.org","@graph":[{"@type":"WebPage","@id":"https:\/\/www.buenosairesfreewalks.com\/spanish\/gracias-guerreros\/","url":"https:\/\/www.buenosairesfreewalks.com\/spanish\/gracias-guerreros\/","name":"Muchas Gracias por Inscribirte: Guerreros de la Patria | Recorrido Virtual","isPartOf":{"@id":"https:\/\/www.buenosairesfreewalks.com\/spanish\/#website"},"datePublished":"2020-10-15T17:09:20+00:00","dateModified":"2020-10-22T20:49:09+00:00","description":"Muchas Gracias por Inscribirte al recorrido virtual de Guerrero de la Patria. Te esperamos para disfrutar Buenos Aires.","breadcrumb":{"@id":"https:\/\/www.buenosairesfreewalks.com\/spanish\/gracias-guerreros\/#breadcrumb"},"inLanguage":"es-AR","potentialAction":[{"@type":"ReadAction","target":["https:\/\/www.buenosairesfreewalks.com\/spanish\/gracias-guerreros\/"]}]},{"@type":"BreadcrumbList","@id":"https:\/\/www.buenosairesfreewalks.com\/spanish\/gracias-guerreros\/#breadcrumb","itemListElement":[{"@type":"ListItem","position":1,"name":"Home","item":"https:\/\/www.buenosairesfreewalks.com\/spanish\/"},{"@type":"ListItem","position":2,"name":"Muchas Gracias por Inscribirte: Guerreros de la Patria"}]},{"@type":"WebSite","@id":"https:\/\/www.buenosairesfreewalks.com\/spanish\/#website","url":"https:\/\/www.buenosairesfreewalks.com\/spanish\/","name":"Buenos Aires Free Walks","description":"Los Mejores Tours Gratis en Buenos Aires","potentialAction":[{"@type":"SearchAction","target":{"@type":"EntryPoint","urlTemplate":"https:\/\/www.buenosairesfreewalks.com\/spanish\/?s={search_term_string}"},"query-input":{"@type":"PropertyValueSpecification","valueRequired":true,"valueName":"search_term_string"}}],"inLanguage":"es-AR"}]}},"jetpack_sharing_enabled":true,"_links":{"self":[{"href":"https:\/\/www.buenosairesfreewalks.com\/spanish\/wp-json\/wp\/v2\/pages\/11967","targetHints":{"allow":["GET"]}}],"collection":[{"href":"https:\/\/www.buenosairesfreewalks.com\/spanish\/wp-json\/wp\/v2\/pages"}],"about":[{"href":"https:\/\/www.buenosairesfreewalks.com\/spanish\/wp-json\/wp\/v2\/types\/page"}],"author":[{"embeddable":true,"href":"https:\/\/www.buenosairesfreewalks.com\/spanish\/wp-json\/wp\/v2\/users\/1"}],"replies":[{"embeddable":true,"href":"https:\/\/www.buenosairesfreewalks.com\/spanish\/wp-json\/wp\/v2\/comments?post=11967"}],"version-history":[{"count":6,"href":"https:\/\/www.buenosairesfreewalks.com\/spanish\/wp-json\/wp\/v2\/pages\/11967\/revisions"}],"predecessor-version":[{"id":12022,"href":"https:\/\/www.buenosairesfreewalks.com\/spanish\/wp-json\/wp\/v2\/pages\/11967\/revisions\/12022"}],"wp:attachment":[{"href":"https:\/\/www.buenosairesfreewalks.com\/spanish\/wp-json\/wp\/v2\/media?parent=11967"}],"curies":[{"name":"wp","href":"https:\/\/api.w.org\/{rel}","templated":true}]}}